{"id":1932,"date":"2025-10-16T16:51:35","date_gmt":"2025-10-16T16:51:35","guid":{"rendered":"https:\/\/lasfotosdeles.eu\/?page_id=1932"},"modified":"2025-11-19T23:05:47","modified_gmt":"2025-11-19T23:05:47","slug":"album-familiar-18-anos-de-matrimonio-igualitario","status":"publish","type":"page","link":"https:\/\/lasfotosdeles.eu\/index.php\/album-familiar-18-anos-de-matrimonio-igualitario\/","title":{"rendered":"\u00c1lbum familiar"},"content":{"rendered":"\t\t<div data-elementor-type=\"wp-page\" data-elementor-id=\"1932\" class=\"elementor elementor-1932\">\n\t\t\t\t\t\t<section class=\"elementor-section elementor-top-section elementor-element elementor-element-c2daad6 elementor-section-boxed elementor-section-height-default elementor-section-height-default\" data-id=\"c2daad6\" data-element_type=\"section\" data-e-type=\"section\">\n\t\t\t\t\t\t<div class=\"elementor-container elementor-column-gap-default\">\n\t\t\t\t\t<div class=\"elementor-column elementor-col-100 elementor-top-column elementor-element elementor-element-1d7c71e\" data-id=\"1d7c71e\" data-element_type=\"column\" data-e-type=\"column\">\n\t\t\t<div class=\"elementor-widget-wrap\">\n\t\t\t\t\t\t\t<\/div>\n\t\t<\/div>\n\t\t\t\t\t<\/div>\n\t\t<\/section>\n\t\t\t\t<section class=\"elementor-section elementor-top-section elementor-element elementor-element-feb6494 elementor-section-boxed elementor-section-height-default elementor-section-height-default\" data-id=\"feb6494\" data-element_type=\"section\" data-e-type=\"section\">\n\t\t\t\t\t\t<div class=\"elementor-container elementor-column-gap-default\">\n\t\t\t\t\t<div class=\"elementor-column elementor-col-100 elementor-top-column elementor-element elementor-element-24ff869\" data-id=\"24ff869\" data-element_type=\"column\" data-e-type=\"column\">\n\t\t\t<div class=\"elementor-widget-wrap elementor-element-populated\">\n\t\t\t\t\t\t<div class=\"elementor-element elementor-element-5c0164e elementor-widget elementor-widget-text-editor\" data-id=\"5c0164e\" data-element_type=\"widget\" data-e-type=\"widget\" data-widget_type=\"text-editor.default\">\n\t\t\t\t<div class=\"elementor-widget-container\">\n\t\t\t\t\t\t\t\t\t<p>En junio del 2023, en las celebraciones del Orgullo en A Coru\u00f1a, pude exponer a pi\u00e9 de calle, mi trabajo con el colectivo LGTBI+, \u00ab\u00c1lbum familiar\u00bb:<\/p>\n<p>\u00a0<\/p>\n<blockquote class=\"wp-block-quote\">\n<div class=\"wp-block-group\">\n<p>\u00abHace alg\u00fan tiempo, visitando a mi prima, su pareja y su bebe, me qued\u00e9 observ\u00e1ndolas sin apenas darme cuenta, y vi una escena muy entra\u00f1able. Eran una familia bonita, no ten\u00edan los ingredientes de una familia convencional, y sin embargo delante de mi hab\u00eda dos personas que se quer\u00edan y adoraban a su hijo. Entonces sent\u00ed la necesidad de cont\u00e1rselo al mundo, de c\u00f3mo los ingredientes no es lo m\u00e1s importante, sino el respeto y el cari\u00f1o. Y ahora estoy aqu\u00ed, tres a\u00f1os despu\u00e9s, con un mont\u00f3n de fotos bajo el brazo, de familias bonitas. Familias que no tienen todos los ingredientes, pero que me han trasmitido ese calor de hogar, esa sensaci\u00f3n de harmon\u00eda, muchas veces ausente en otras familias.<\/p>\n<p>\u00a0<\/p>\n<p>En este tiempo he tenido el privilegio de poder entrar en su casa y en su hogar, he vivido momentos, comidas y charlas entra\u00f1ables. He visto respeto, admiraci\u00f3n, ternura y me han hecho part\u00edcipes de ella.<\/p>\n<p>\u00a0<\/p>\n<p>Mi \u00fanica intenci\u00f3n con este trabajo es contarlo como yo lo viv\u00ed y conseguir trasmitirlo\u00bb<\/p>\n<\/div>\n<\/blockquote>\t\t\t\t\t\t\t\t<\/div>\n\t\t\t\t<\/div>\n\t\t\t\t\t<\/div>\n\t\t<\/div>\n\t\t\t\t\t<\/div>\n\t\t<\/section>\n\t\t\t\t<section class=\"elementor-section elementor-top-section elementor-element elementor-element-61c429b elementor-section-boxed elementor-section-height-default elementor-section-height-default\" data-id=\"61c429b\" data-element_type=\"section\" data-e-type=\"section\">\n\t\t\t\t\t\t<div class=\"elementor-container elementor-column-gap-default\">\n\t\t\t\t\t<div class=\"elementor-column elementor-col-100 elementor-top-column elementor-element elementor-element-7d65ac7\" data-id=\"7d65ac7\" data-element_type=\"column\" data-e-type=\"column\">\n\t\t\t<div class=\"elementor-widget-wrap elementor-element-populated\">\n\t\t\t\t\t\t<div class=\"elementor-element elementor-element-a774806 elementor-widget elementor-widget-heading\" data-id=\"a774806\" data-element_type=\"widget\" data-e-type=\"widget\" data-widget_type=\"heading.default\">\n\t\t\t\t<div class=\"elementor-widget-container\">\n\t\t\t\t\t<h2 class=\"elementor-heading-title elementor-size-default\">Aqu\u00ed algunos ejemplos:<\/h2>\t\t\t\t<\/div>\n\t\t\t\t<\/div>\n\t\t\t\t\t<\/div>\n\t\t<\/div>\n\t\t\t\t\t<\/div>\n\t\t<\/section>\n\t\t\t\t<section class=\"elementor-section elementor-top-section elementor-element elementor-element-8c16a58 elementor-section-boxed elementor-section-height-default elementor-section-height-default\" data-id=\"8c16a58\" data-element_type=\"section\" data-e-type=\"section\">\n\t\t\t\t\t\t<div class=\"elementor-container elementor-column-gap-default\">\n\t\t\t\t\t<div class=\"elementor-column elementor-col-100 elementor-top-column elementor-element elementor-element-25e29c1\" data-id=\"25e29c1\" data-element_type=\"column\" data-e-type=\"column\">\n\t\t\t<div class=\"elementor-widget-wrap elementor-element-populated\">\n\t\t\t\t\t\t<div class=\"elementor-element elementor-element-b0ce0d4 gallery-spacing-custom elementor-widget elementor-widget-image-gallery\" data-id=\"b0ce0d4\" data-element_type=\"widget\" data-e-type=\"widget\" data-widget_type=\"image-gallery.default\">\n\t\t\t\t<div class=\"elementor-widget-container\">\n\t\t\t\t\t\t\t<div class=\"elementor-image-gallery\">\n\t\t\t<div id='gallery-1' class='gallery galleryid-1932 gallery-columns-4 gallery-size-thumbnail'><figure class='gallery-item'>\n\t\t\t<div class='gallery-icon landscape'>\n\t\t\t\t<a data-elementor-open-lightbox=\"yes\" data-elementor-lightbox-slideshow=\"b0ce0d4\" data-elementor-lightbox-title=\"4B\" data-e-action-hash=\"#elementor-action%3Aaction%3Dlightbox%26settings%3DeyJpZCI6MTk3NywidXJsIjoiaHR0cHM6XC9cL2xhc2ZvdG9zZGVsZXMuZXVcL3dwLWNvbnRlbnRcL3VwbG9hZHNcLzIwMjVcLzEwXC80Qi0xLmpwZyIsInNsaWRlc2hvdyI6ImIwY2UwZDQifQ%3D%3D\" href='https:\/\/lasfotosdeles.eu\/wp-content\/uploads\/2025\/10\/4B-1.jpg'><img decoding=\"async\" width=\"150\" height=\"150\" src=\"https:\/\/lasfotosdeles.eu\/wp-content\/uploads\/2025\/10\/4B-1-150x150.jpg\" class=\"attachment-thumbnail size-thumbnail\" alt=\"\" \/><\/a>\n\t\t\t<\/div><\/figure><figure class='gallery-item'>\n\t\t\t<div class='gallery-icon landscape'>\n\t\t\t\t<a data-elementor-open-lightbox=\"yes\" data-elementor-lightbox-slideshow=\"b0ce0d4\" data-elementor-lightbox-title=\"g2\" data-e-action-hash=\"#elementor-action%3Aaction%3Dlightbox%26settings%3DeyJpZCI6MTk3MCwidXJsIjoiaHR0cHM6XC9cL2xhc2ZvdG9zZGVsZXMuZXVcL3dwLWNvbnRlbnRcL3VwbG9hZHNcLzIwMjVcLzEwXC9nMi0xLmpwZyIsInNsaWRlc2hvdyI6ImIwY2UwZDQifQ%3D%3D\" href='https:\/\/lasfotosdeles.eu\/wp-content\/uploads\/2025\/10\/g2-1.jpg'><img decoding=\"async\" width=\"150\" height=\"150\" src=\"https:\/\/lasfotosdeles.eu\/wp-content\/uploads\/2025\/10\/g2-1-150x150.jpg\" class=\"attachment-thumbnail size-thumbnail\" alt=\"\" \/><\/a>\n\t\t\t<\/div><\/figure><figure class='gallery-item'>\n\t\t\t<div class='gallery-icon landscape'>\n\t\t\t\t<a data-elementor-open-lightbox=\"yes\" data-elementor-lightbox-slideshow=\"b0ce0d4\" data-elementor-lightbox-title=\"8A\" data-e-action-hash=\"#elementor-action%3Aaction%3Dlightbox%26settings%3DeyJpZCI6MTk4MiwidXJsIjoiaHR0cHM6XC9cL2xhc2ZvdG9zZGVsZXMuZXVcL3dwLWNvbnRlbnRcL3VwbG9hZHNcLzIwMjVcLzEwXC84QS0xLmpwZyIsInNsaWRlc2hvdyI6ImIwY2UwZDQifQ%3D%3D\" href='https:\/\/lasfotosdeles.eu\/wp-content\/uploads\/2025\/10\/8A-1.jpg'><img decoding=\"async\" width=\"150\" height=\"150\" src=\"https:\/\/lasfotosdeles.eu\/wp-content\/uploads\/2025\/10\/8A-1-150x150.jpg\" class=\"attachment-thumbnail size-thumbnail\" alt=\"\" \/><\/a>\n\t\t\t<\/div><\/figure><figure class='gallery-item'>\n\t\t\t<div class='gallery-icon landscape'>\n\t\t\t\t<a data-elementor-open-lightbox=\"yes\" data-elementor-lightbox-slideshow=\"b0ce0d4\" data-elementor-lightbox-title=\"7B\" data-e-action-hash=\"#elementor-action%3Aaction%3Dlightbox%26settings%3DeyJpZCI6MTk4MSwidXJsIjoiaHR0cHM6XC9cL2xhc2ZvdG9zZGVsZXMuZXVcL3dwLWNvbnRlbnRcL3VwbG9hZHNcLzIwMjVcLzEwXC83Qi0xLmpwZyIsInNsaWRlc2hvdyI6ImIwY2UwZDQifQ%3D%3D\" href='https:\/\/lasfotosdeles.eu\/wp-content\/uploads\/2025\/10\/7B-1.jpg'><img loading=\"lazy\" decoding=\"async\" width=\"150\" height=\"150\" src=\"https:\/\/lasfotosdeles.eu\/wp-content\/uploads\/2025\/10\/7B-1-150x150.jpg\" class=\"attachment-thumbnail size-thumbnail\" alt=\"\" \/><\/a>\n\t\t\t<\/div><\/figure><figure class='gallery-item'>\n\t\t\t<div class='gallery-icon portrait'>\n\t\t\t\t<a data-elementor-open-lightbox=\"yes\" data-elementor-lightbox-slideshow=\"b0ce0d4\" data-elementor-lightbox-title=\"7A\" data-e-action-hash=\"#elementor-action%3Aaction%3Dlightbox%26settings%3DeyJpZCI6MTk4MCwidXJsIjoiaHR0cHM6XC9cL2xhc2ZvdG9zZGVsZXMuZXVcL3dwLWNvbnRlbnRcL3VwbG9hZHNcLzIwMjVcLzEwXC83QS0xLmpwZyIsInNsaWRlc2hvdyI6ImIwY2UwZDQifQ%3D%3D\" href='https:\/\/lasfotosdeles.eu\/wp-content\/uploads\/2025\/10\/7A-1.jpg'><img loading=\"lazy\" decoding=\"async\" width=\"150\" height=\"150\" src=\"https:\/\/lasfotosdeles.eu\/wp-content\/uploads\/2025\/10\/7A-1-150x150.jpg\" class=\"attachment-thumbnail size-thumbnail\" alt=\"\" \/><\/a>\n\t\t\t<\/div><\/figure><figure class='gallery-item'>\n\t\t\t<div class='gallery-icon landscape'>\n\t\t\t\t<a data-elementor-open-lightbox=\"yes\" data-elementor-lightbox-slideshow=\"b0ce0d4\" data-elementor-lightbox-title=\"6B\" data-e-action-hash=\"#elementor-action%3Aaction%3Dlightbox%26settings%3DeyJpZCI6MTk3OSwidXJsIjoiaHR0cHM6XC9cL2xhc2ZvdG9zZGVsZXMuZXVcL3dwLWNvbnRlbnRcL3VwbG9hZHNcLzIwMjVcLzEwXC82Qi0xLmpwZyIsInNsaWRlc2hvdyI6ImIwY2UwZDQifQ%3D%3D\" href='https:\/\/lasfotosdeles.eu\/wp-content\/uploads\/2025\/10\/6B-1.jpg'><img loading=\"lazy\" decoding=\"async\" width=\"150\" height=\"150\" src=\"https:\/\/lasfotosdeles.eu\/wp-content\/uploads\/2025\/10\/6B-1-150x150.jpg\" class=\"attachment-thumbnail size-thumbnail\" alt=\"\" \/><\/a>\n\t\t\t<\/div><\/figure><figure class='gallery-item'>\n\t\t\t<div class='gallery-icon landscape'>\n\t\t\t\t<a data-elementor-open-lightbox=\"yes\" data-elementor-lightbox-slideshow=\"b0ce0d4\" data-elementor-lightbox-title=\"6A\" data-e-action-hash=\"#elementor-action%3Aaction%3Dlightbox%26settings%3DeyJpZCI6MTk3OCwidXJsIjoiaHR0cHM6XC9cL2xhc2ZvdG9zZGVsZXMuZXVcL3dwLWNvbnRlbnRcL3VwbG9hZHNcLzIwMjVcLzEwXC82QS0xLmpwZyIsInNsaWRlc2hvdyI6ImIwY2UwZDQifQ%3D%3D\" href='https:\/\/lasfotosdeles.eu\/wp-content\/uploads\/2025\/10\/6A-1.jpg'><img loading=\"lazy\" decoding=\"async\" width=\"150\" height=\"150\" src=\"https:\/\/lasfotosdeles.eu\/wp-content\/uploads\/2025\/10\/6A-1-150x150.jpg\" class=\"attachment-thumbnail size-thumbnail\" alt=\"\" \/><\/a>\n\t\t\t<\/div><\/figure><figure class='gallery-item'>\n\t\t\t<div class='gallery-icon landscape'>\n\t\t\t\t<a data-elementor-open-lightbox=\"yes\" data-elementor-lightbox-slideshow=\"b0ce0d4\" data-elementor-lightbox-title=\"00\" data-e-action-hash=\"#elementor-action%3Aaction%3Dlightbox%26settings%3DeyJpZCI6MTk3MSwidXJsIjoiaHR0cHM6XC9cL2xhc2ZvdG9zZGVsZXMuZXVcL3dwLWNvbnRlbnRcL3VwbG9hZHNcLzIwMjVcLzEwXC8wMC0xLmpwZyIsInNsaWRlc2hvdyI6ImIwY2UwZDQifQ%3D%3D\" href='https:\/\/lasfotosdeles.eu\/wp-content\/uploads\/2025\/10\/00-1.jpg'><img loading=\"lazy\" decoding=\"async\" width=\"150\" height=\"150\" src=\"https:\/\/lasfotosdeles.eu\/wp-content\/uploads\/2025\/10\/00-1-150x150.jpg\" class=\"attachment-thumbnail size-thumbnail\" alt=\"\" \/><\/a>\n\t\t\t<\/div><\/figure><figure class='gallery-item'>\n\t\t\t<div class='gallery-icon landscape'>\n\t\t\t\t<a data-elementor-open-lightbox=\"yes\" data-elementor-lightbox-slideshow=\"b0ce0d4\" data-elementor-lightbox-title=\"4A\" data-e-action-hash=\"#elementor-action%3Aaction%3Dlightbox%26settings%3DeyJpZCI6MTk3NiwidXJsIjoiaHR0cHM6XC9cL2xhc2ZvdG9zZGVsZXMuZXVcL3dwLWNvbnRlbnRcL3VwbG9hZHNcLzIwMjVcLzEwXC80QS0xLmpwZyIsInNsaWRlc2hvdyI6ImIwY2UwZDQifQ%3D%3D\" href='https:\/\/lasfotosdeles.eu\/wp-content\/uploads\/2025\/10\/4A-1.jpg'><img loading=\"lazy\" decoding=\"async\" width=\"150\" height=\"150\" src=\"https:\/\/lasfotosdeles.eu\/wp-content\/uploads\/2025\/10\/4A-1-150x150.jpg\" class=\"attachment-thumbnail size-thumbnail\" alt=\"\" \/><\/a>\n\t\t\t<\/div><\/figure><figure class='gallery-item'>\n\t\t\t<div class='gallery-icon landscape'>\n\t\t\t\t<a data-elementor-open-lightbox=\"yes\" data-elementor-lightbox-slideshow=\"b0ce0d4\" data-elementor-lightbox-title=\"3B\" data-e-action-hash=\"#elementor-action%3Aaction%3Dlightbox%26settings%3DeyJpZCI6MTk3NSwidXJsIjoiaHR0cHM6XC9cL2xhc2ZvdG9zZGVsZXMuZXVcL3dwLWNvbnRlbnRcL3VwbG9hZHNcLzIwMjVcLzEwXC8zQi0xLmpwZyIsInNsaWRlc2hvdyI6ImIwY2UwZDQifQ%3D%3D\" href='https:\/\/lasfotosdeles.eu\/wp-content\/uploads\/2025\/10\/3B-1.jpg'><img loading=\"lazy\" decoding=\"async\" width=\"150\" height=\"150\" src=\"https:\/\/lasfotosdeles.eu\/wp-content\/uploads\/2025\/10\/3B-1-150x150.jpg\" class=\"attachment-thumbnail size-thumbnail\" alt=\"\" \/><\/a>\n\t\t\t<\/div><\/figure><figure class='gallery-item'>\n\t\t\t<div class='gallery-icon landscape'>\n\t\t\t\t<a data-elementor-open-lightbox=\"yes\" data-elementor-lightbox-slideshow=\"b0ce0d4\" data-elementor-lightbox-title=\"9A\" data-e-action-hash=\"#elementor-action%3Aaction%3Dlightbox%26settings%3DeyJpZCI6MTk4MywidXJsIjoiaHR0cHM6XC9cL2xhc2ZvdG9zZGVsZXMuZXVcL3dwLWNvbnRlbnRcL3VwbG9hZHNcLzIwMjVcLzEwXC85QS0xLmpwZyIsInNsaWRlc2hvdyI6ImIwY2UwZDQifQ%3D%3D\" href='https:\/\/lasfotosdeles.eu\/wp-content\/uploads\/2025\/10\/9A-1.jpg'><img loading=\"lazy\" decoding=\"async\" width=\"150\" height=\"150\" src=\"https:\/\/lasfotosdeles.eu\/wp-content\/uploads\/2025\/10\/9A-1-150x150.jpg\" class=\"attachment-thumbnail size-thumbnail\" alt=\"\" \/><\/a>\n\t\t\t<\/div><\/figure><figure class='gallery-item'>\n\t\t\t<div class='gallery-icon landscape'>\n\t\t\t\t<a data-elementor-open-lightbox=\"yes\" data-elementor-lightbox-slideshow=\"b0ce0d4\" data-elementor-lightbox-title=\"3A\" data-e-action-hash=\"#elementor-action%3Aaction%3Dlightbox%26settings%3DeyJpZCI6MTk3NCwidXJsIjoiaHR0cHM6XC9cL2xhc2ZvdG9zZGVsZXMuZXVcL3dwLWNvbnRlbnRcL3VwbG9hZHNcLzIwMjVcLzEwXC8zQS0xLmpwZyIsInNsaWRlc2hvdyI6ImIwY2UwZDQifQ%3D%3D\" href='https:\/\/lasfotosdeles.eu\/wp-content\/uploads\/2025\/10\/3A-1.jpg'><img loading=\"lazy\" decoding=\"async\" width=\"150\" height=\"150\" src=\"https:\/\/lasfotosdeles.eu\/wp-content\/uploads\/2025\/10\/3A-1-150x150.jpg\" class=\"attachment-thumbnail size-thumbnail\" alt=\"\" \/><\/a>\n\t\t\t<\/div><\/figure><figure class='gallery-item'>\n\t\t\t<div class='gallery-icon portrait'>\n\t\t\t\t<a data-elementor-open-lightbox=\"yes\" data-elementor-lightbox-slideshow=\"b0ce0d4\" data-elementor-lightbox-title=\"2A\" data-e-action-hash=\"#elementor-action%3Aaction%3Dlightbox%26settings%3DeyJpZCI6MTk3MywidXJsIjoiaHR0cHM6XC9cL2xhc2ZvdG9zZGVsZXMuZXVcL3dwLWNvbnRlbnRcL3VwbG9hZHNcLzIwMjVcLzEwXC8yQS0xLmpwZyIsInNsaWRlc2hvdyI6ImIwY2UwZDQifQ%3D%3D\" href='https:\/\/lasfotosdeles.eu\/wp-content\/uploads\/2025\/10\/2A-1.jpg'><img loading=\"lazy\" decoding=\"async\" width=\"150\" height=\"150\" src=\"https:\/\/lasfotosdeles.eu\/wp-content\/uploads\/2025\/10\/2A-1-150x150.jpg\" class=\"attachment-thumbnail size-thumbnail\" alt=\"\" \/><\/a>\n\t\t\t<\/div><\/figure><figure class='gallery-item'>\n\t\t\t<div class='gallery-icon landscape'>\n\t\t\t\t<a data-elementor-open-lightbox=\"yes\" data-elementor-lightbox-slideshow=\"b0ce0d4\" data-elementor-lightbox-title=\"g1\" data-e-action-hash=\"#elementor-action%3Aaction%3Dlightbox%26settings%3DeyJpZCI6MTk2OSwidXJsIjoiaHR0cHM6XC9cL2xhc2ZvdG9zZGVsZXMuZXVcL3dwLWNvbnRlbnRcL3VwbG9hZHNcLzIwMjVcLzEwXC9nMS0xLmpwZyIsInNsaWRlc2hvdyI6ImIwY2UwZDQifQ%3D%3D\" href='https:\/\/lasfotosdeles.eu\/wp-content\/uploads\/2025\/10\/g1-1.jpg'><img loading=\"lazy\" decoding=\"async\" width=\"150\" height=\"150\" src=\"https:\/\/lasfotosdeles.eu\/wp-content\/uploads\/2025\/10\/g1-1-150x150.jpg\" class=\"attachment-thumbnail size-thumbnail\" alt=\"\" \/><\/a>\n\t\t\t<\/div><\/figure><figure class='gallery-item'>\n\t\t\t<div class='gallery-icon landscape'>\n\t\t\t\t<a data-elementor-open-lightbox=\"yes\" data-elementor-lightbox-slideshow=\"b0ce0d4\" data-elementor-lightbox-title=\"1A\" data-e-action-hash=\"#elementor-action%3Aaction%3Dlightbox%26settings%3DeyJpZCI6MTk3MiwidXJsIjoiaHR0cHM6XC9cL2xhc2ZvdG9zZGVsZXMuZXVcL3dwLWNvbnRlbnRcL3VwbG9hZHNcLzIwMjVcLzEwXC8xQS0xLmpwZyIsInNsaWRlc2hvdyI6ImIwY2UwZDQifQ%3D%3D\" href='https:\/\/lasfotosdeles.eu\/wp-content\/uploads\/2025\/10\/1A-1.jpg'><img loading=\"lazy\" decoding=\"async\" width=\"150\" height=\"150\" src=\"https:\/\/lasfotosdeles.eu\/wp-content\/uploads\/2025\/10\/1A-1-150x150.jpg\" class=\"attachment-thumbnail size-thumbnail\" alt=\"\" \/><\/a>\n\t\t\t<\/div><\/figure>\n\t\t<\/div>\n\t\t<\/div>\n\t\t\t\t\t\t<\/div>\n\t\t\t\t<\/div>\n\t\t\t\t\t<\/div>\n\t\t<\/div>\n\t\t\t\t\t<\/div>\n\t\t<\/section>\n\t\t\t\t<section class=\"elementor-section elementor-top-section elementor-element elementor-element-46dd472 elementor-section-boxed elementor-section-height-default elementor-section-height-default\" data-id=\"46dd472\" data-element_type=\"section\" data-e-type=\"section\">\n\t\t\t\t\t\t<div class=\"elementor-container elementor-column-gap-default\">\n\t\t\t\t\t<div class=\"elementor-column elementor-col-100 elementor-top-column elementor-element elementor-element-3768ba8\" data-id=\"3768ba8\" data-element_type=\"column\" data-e-type=\"column\">\n\t\t\t<div class=\"elementor-widget-wrap\">\n\t\t\t\t\t\t\t<\/div>\n\t\t<\/div>\n\t\t\t\t\t<\/div>\n\t\t<\/section>\n\t\t\t\t<section class=\"elementor-section elementor-top-section elementor-element elementor-element-7733443 elementor-section-boxed elementor-section-height-default elementor-section-height-default\" data-id=\"7733443\" data-element_type=\"section\" data-e-type=\"section\">\n\t\t\t\t\t\t<div class=\"elementor-container elementor-column-gap-default\">\n\t\t\t\t\t<div class=\"elementor-column elementor-col-100 elementor-top-column elementor-element elementor-element-1653967\" data-id=\"1653967\" data-element_type=\"column\" data-e-type=\"column\">\n\t\t\t<div class=\"elementor-widget-wrap elementor-element-populated\">\n\t\t\t\t\t\t<div class=\"elementor-element elementor-element-18812bd elementor-widget elementor-widget-heading\" data-id=\"18812bd\" data-element_type=\"widget\" data-e-type=\"widget\" data-widget_type=\"heading.default\">\n\t\t\t\t<div class=\"elementor-widget-container\">\n\t\t\t\t\t<h2 class=\"elementor-heading-title elementor-size-default\">Modo expositivo<\/h2>\t\t\t\t<\/div>\n\t\t\t\t<\/div>\n\t\t\t\t\t<\/div>\n\t\t<\/div>\n\t\t\t\t\t<\/div>\n\t\t<\/section>\n\t\t\t\t<section class=\"elementor-section elementor-top-section elementor-element elementor-element-cb9c646 elementor-section-boxed elementor-section-height-default elementor-section-height-default\" data-id=\"cb9c646\" data-element_type=\"section\" data-e-type=\"section\">\n\t\t\t\t\t\t<div class=\"elementor-container elementor-column-gap-default\">\n\t\t\t\t\t<div class=\"elementor-column elementor-col-100 elementor-top-column elementor-element elementor-element-ccdf1e3\" data-id=\"ccdf1e3\" data-element_type=\"column\" data-e-type=\"column\">\n\t\t\t<div class=\"elementor-widget-wrap elementor-element-populated\">\n\t\t\t\t\t\t<div class=\"elementor-element elementor-element-60c82b3 gallery-spacing-custom elementor-widget elementor-widget-image-gallery\" data-id=\"60c82b3\" data-element_type=\"widget\" data-e-type=\"widget\" data-widget_type=\"image-gallery.default\">\n\t\t\t\t<div class=\"elementor-widget-container\">\n\t\t\t\t\t\t\t<div class=\"elementor-image-gallery\">\n\t\t\t<div id='gallery-2' class='gallery galleryid-1932 gallery-columns-4 gallery-size-thumbnail'><figure class='gallery-item'>\n\t\t\t<div class='gallery-icon landscape'>\n\t\t\t\t<a data-elementor-open-lightbox=\"yes\" data-elementor-lightbox-slideshow=\"60c82b3\" data-elementor-lightbox-title=\"DSCF6549\" data-e-action-hash=\"#elementor-action%3Aaction%3Dlightbox%26settings%3DeyJpZCI6MTk1MCwidXJsIjoiaHR0cHM6XC9cL2xhc2ZvdG9zZGVsZXMuZXVcL3dwLWNvbnRlbnRcL3VwbG9hZHNcLzIwMjVcLzEwXC9EU0NGNjU0OS5qcGciLCJzbGlkZXNob3ciOiI2MGM4MmIzIn0%3D\" href='https:\/\/lasfotosdeles.eu\/wp-content\/uploads\/2025\/10\/DSCF6549.jpg'><img loading=\"lazy\" decoding=\"async\" width=\"150\" height=\"150\" src=\"https:\/\/lasfotosdeles.eu\/wp-content\/uploads\/2025\/10\/DSCF6549-150x150.jpg\" class=\"attachment-thumbnail size-thumbnail\" alt=\"\" \/><\/a>\n\t\t\t<\/div><\/figure><figure class='gallery-item'>\n\t\t\t<div class='gallery-icon landscape'>\n\t\t\t\t<a data-elementor-open-lightbox=\"yes\" data-elementor-lightbox-slideshow=\"60c82b3\" data-elementor-lightbox-title=\"DSCF6544\" data-e-action-hash=\"#elementor-action%3Aaction%3Dlightbox%26settings%3DeyJpZCI6MTk0OSwidXJsIjoiaHR0cHM6XC9cL2xhc2ZvdG9zZGVsZXMuZXVcL3dwLWNvbnRlbnRcL3VwbG9hZHNcLzIwMjVcLzEwXC9EU0NGNjU0NC5qcGciLCJzbGlkZXNob3ciOiI2MGM4MmIzIn0%3D\" href='https:\/\/lasfotosdeles.eu\/wp-content\/uploads\/2025\/10\/DSCF6544.jpg'><img loading=\"lazy\" decoding=\"async\" width=\"150\" height=\"150\" src=\"https:\/\/lasfotosdeles.eu\/wp-content\/uploads\/2025\/10\/DSCF6544-150x150.jpg\" class=\"attachment-thumbnail size-thumbnail\" alt=\"\" \/><\/a>\n\t\t\t<\/div><\/figure><figure class='gallery-item'>\n\t\t\t<div class='gallery-icon landscape'>\n\t\t\t\t<a data-elementor-open-lightbox=\"yes\" data-elementor-lightbox-slideshow=\"60c82b3\" data-elementor-lightbox-title=\"DSCF6552\" data-e-action-hash=\"#elementor-action%3Aaction%3Dlightbox%26settings%3DeyJpZCI6MTk1MSwidXJsIjoiaHR0cHM6XC9cL2xhc2ZvdG9zZGVsZXMuZXVcL3dwLWNvbnRlbnRcL3VwbG9hZHNcLzIwMjVcLzEwXC9EU0NGNjU1Mi5qcGciLCJzbGlkZXNob3ciOiI2MGM4MmIzIn0%3D\" href='https:\/\/lasfotosdeles.eu\/wp-content\/uploads\/2025\/10\/DSCF6552.jpg'><img loading=\"lazy\" decoding=\"async\" width=\"150\" height=\"150\" src=\"https:\/\/lasfotosdeles.eu\/wp-content\/uploads\/2025\/10\/DSCF6552-150x150.jpg\" class=\"attachment-thumbnail size-thumbnail\" alt=\"\" \/><\/a>\n\t\t\t<\/div><\/figure>\n\t\t<\/div>\n\t\t<\/div>\n\t\t\t\t\t\t<\/div>\n\t\t\t\t<\/div>\n\t\t\t\t\t<\/div>\n\t\t<\/div>\n\t\t\t\t\t<\/div>\n\t\t<\/section>\n\t\t\t\t<section class=\"elementor-section elementor-top-section elementor-element elementor-element-6b74ad4 elementor-section-boxed elementor-section-height-default elementor-section-height-default\" data-id=\"6b74ad4\" data-element_type=\"section\" data-e-type=\"section\">\n\t\t\t\t\t\t<div class=\"elementor-container elementor-column-gap-default\">\n\t\t\t\t\t<div class=\"elementor-column elementor-col-100 elementor-top-column elementor-element elementor-element-2aa3508\" data-id=\"2aa3508\" data-element_type=\"column\" data-e-type=\"column\">\n\t\t\t<div class=\"elementor-widget-wrap\">\n\t\t\t\t\t\t\t<\/div>\n\t\t<\/div>\n\t\t\t\t\t<\/div>\n\t\t<\/section>\n\t\t\t\t<\/div>\n\t\t","protected":false},"excerpt":{"rendered":"<p>En junio del 2023, en las celebraciones del Orgullo en A Coru\u00f1a, pude exponer a pi\u00e9 de calle, mi trabajo con el colectivo LGTBI+, \u00ab\u00c1lbum familiar\u00bb: \u00a0 \u00abHace alg\u00fan tiempo, visitando a mi prima, su pareja y su bebe, me qued\u00e9 observ\u00e1ndolas sin apenas darme cuenta, y vi una escena muy entra\u00f1able. Eran una familia [&hellip;]<\/p>\n","protected":false},"author":1,"featured_media":0,"parent":0,"menu_order":0,"comment_status":"closed","ping_status":"closed","template":"","meta":{"two_page_speed":[],"footnotes":""},"class_list":["post-1932","page","type-page","status-publish","hentry"],"_links":{"self":[{"href":"https:\/\/lasfotosdeles.eu\/index.php\/wp-json\/wp\/v2\/pages\/1932","targetHints":{"allow":["GET"]}}],"collection":[{"href":"https:\/\/lasfotosdeles.eu\/index.php\/wp-json\/wp\/v2\/pages"}],"about":[{"href":"https:\/\/lasfotosdeles.eu\/index.php\/wp-json\/wp\/v2\/types\/page"}],"author":[{"embeddable":true,"href":"https:\/\/lasfotosdeles.eu\/index.php\/wp-json\/wp\/v2\/users\/1"}],"replies":[{"embeddable":true,"href":"https:\/\/lasfotosdeles.eu\/index.php\/wp-json\/wp\/v2\/comments?post=1932"}],"version-history":[{"count":30,"href":"https:\/\/lasfotosdeles.eu\/index.php\/wp-json\/wp\/v2\/pages\/1932\/revisions"}],"predecessor-version":[{"id":2142,"href":"https:\/\/lasfotosdeles.eu\/index.php\/wp-json\/wp\/v2\/pages\/1932\/revisions\/2142"}],"wp:attachment":[{"href":"https:\/\/lasfotosdeles.eu\/index.php\/wp-json\/wp\/v2\/media?parent=1932"}],"curies":[{"name":"wp","href":"https:\/\/api.w.org\/{rel}","templated":true}]}}